2 + 7*m + 18. What is y(t)?
12
Let l(w) = -2*w**2 + 77*w + 25. Let k(r) = 13*r**2 - 385*r - 126. Let b(g) = 2*k(g) + 11*l(g). Give b(-19).
4
Let s(c) = -7*c - 89. Let q be s(-13). Let r(i) = -i - 18337*i**q + 0 + 18332*i**2 - 1 - i**3. Give r(-4).
-13
Let t(a) = -7*a - 11. Suppose -21*i - 56 = 9*i + 64. Determine t(i).
17
Let z = 48 - 48. Let j = 7 - z. Suppose -j*d + 6*d + 5 = 0. Let n(g) = -g**2 + 5*g + 2. What is n(d)?
2
Let s(k) = 73*k**2 + 62*k - 6. Let g(w) = 63*w**2 + 56*w - 5. Let z(i) = 7*g(i) - 6*s(i). Calculate z(-8).
33
Let x(i) = 12*i + 3. Let b(n) = 1. Let q(a) = a + 1. Let v(y) = -3*b(y) + 5*q(y). Let t(l) = 5*v(l) - 2*x(l). Determine t(0).
4
Suppose 51*m + 47 = 47*m - 5*l, 32 = m - 5*l. Let c be -2 - ((-14)/(-2))/1. Let t(k) = k - 6. Let q(p) = 5*p - 24. Let d(g) = c*t(g) + 2*q(g). Give d(m).
3
Suppose 0 = 2*j - 0*j - 5*o + 23, 0 = 2*o - 6. Let f(y) be the first derivative of -1/3*y**3 - 349 - y - 2*y**2. Calculate f(j).
-1
Suppose 3*c + 3*k - 9 = 0, 3*k + 2 = 4*k. Let a be (14/4)/(c/2). Let w(g) = g - 2. Give w(a).
5
Let p(k) = -700*k**3 - 7*k**2 + 9*k - 14. Let r(i) = -323*i**3 - 4*i**2 + 5*i - 7. Let u(o) = -6*p(o) + 13*r(o). Give u(9).
11
Suppose -6656 = 32*w - 58*w. Suppose -158 = -7*v - w. Let m(y) = -y - 19. Give m(v).
-5
Let j = 2137 + -2141. Let u(q) = q**3 + 2*q**2 - 4*q + 5. What is u(j)?
-11
Let d be -1*((-125)/40 + (-2)/(-16)). Suppose 1 = i - d*a - 5, -4*a + 12 = 2*i. Let r(z) = -z - 4 - 2*z + 4*z - 1. What is r(i)?
1
Let i(p) = 10*p + 209. Suppose -5*q - 5*j = 120, 0 = 15*q - 19*q - 2*j - 90. What is i(q)?
-1
Suppose -12 = -4*x + 5*b, 4*x + 5*b + 8 = 20. Let a be -1 - x - (6 + -4). Let u(s) = 7*s + 2 + 6 - 1 + s**2 + 1. What is u(a)?
2
Suppose -6*i = -3*x - 30, 0 = -2*x - 4*i - 6 - 14. Let k(a) = -16*a - 155. What is k(x)?
5
Let b(n) be the third derivative of n**6/120 + n**5/6 - 9*n**4/8 - 5*n**3/3 + 3821*n**2. What is b(-12)?
26
Let w(n) = -19*n - 228. Let u be w(-12). Let v(g) be the first derivative of -g**3/3 - g**2/2 - 8*g + 32. What is v(u)?
-8
Let x(q) = -20*q + 192. Let j(z) = 13*z - 114. Let o(p) = -8*j(p) - 5*x(p). Determine o(-13).
4
Let h = 400 + -399. Suppose -6 = -5*k - 2*l - 1, h = k + l. Let o(m) = m**2 - 1. Determine o(k).
0
Let z = -827 - -829. Let u(s) = 2*s**2 - 7 + 3*s**2 + 8 - 2*s + z + 0*s. Give u(2).
19
Let w(h) be the second derivative of -h**5/15 + 25*h**2/2 + h + 21. Let r(p) be the first derivative of w(p). Determine r(-1).
-4
Let a(b) = -3*b**2 + 6*b - 3. Let g(y) = -y**3 - 72*y**2 - 6*y - 430. Let q be g(-72). Determine a(q).
-3
Let w(h) = 1 - 4*h - h**2 - 3*h - 5*h**3 + 6*h. Suppose -5*t = -42 + 32. Suppose 5*u - 5 = -5*s, -3*u - t = -16*s + 14*s. Determine w(s).
-6
Let n = -132 - -151. Suppose -6*b + 5 = -n. Let k(i) = 3*i - 3. Calculate k(b).
9
Let z = 11 - 5. Let x(r) = -r - z*r + 19 - 5*r + 10*r. Let c be x(7). Let h(t) = 2*t + 4. Give h(c).
14
Let l(o) = -7*o**2 - 2*o + 37. Let r be l(2). Let b(n) = 7*n**2 - 19*n + 15. Let t(w) = -3*w**2 + 9*w - 7. Let q(x) = -2*b(x) - 5*t(x). Determine q(r).
-5
Suppose -2*d - 39 = -49. Let j(q) = -q**2 - 6*q + 9. Let v be j(-7). Let s(i) = 4*i - v*i + 0*i + d. Calculate s(4).
13
Let r(i) = 5*i**2 + 2*i + 10. Let w(s) = -16*s**2 - 9*s - 18. Let f(y) = 3*r(y) + w(y). Calculate f(0).
12
Let c(i) = -i + 7. Let u(n) be the third derivative of -4*n**2 + 1/12*n**4 + 2/15*n**5 + 1/6*n**3 + 0 + 0*n. Let s be u(-1). Calculate c(s).
0
Let n(i) = -2*i**2 + 6*i - 6. Let c = -299 - -188. Let m be 148/c*9/(-4). What is n(m)?
-6
Let v(a) be the third derivative of -1/12*a**4 - 43*a**2 + 0*a + 0 - 5/3*a**3. Calculate v(-8).
6
Suppose r + 11 = 2*r + k, 52 = 4*r - 4*k. Let n(v) = 1 + 4 + v - r. Let f be 2 + (4 - (-6)/(-12)*-2). Determine n(f).
0
Let j(p) = -4*p**2 + 13 - p**3 - 13*p + 17*p**2 + 7*p - 8*p. Let i = 198 - 186. What is j(i)?
-11
Let k(s) = 98*s + 109. Let y(h) = 848*h + 980. Let f(x) = 26*k(x) - 3*y(x). What is f(25)?
-6
Let v = 106 - 317. Let b = v - -215. Let p(m) = 7*m - 9. Let k(x) = -11*x + 14. Let t(w) = -5*k(w) - 8*p(w). Give t(b).
-2
Let f(d) = d**3 - 29*d**2 - 23*d - 5. Let u be f(30). Let y = -206 + u. Let j(c) = -2*c - 7 + 7. Calculate j(y).
2
Let j = -183 - -185. Let x(a) = -22 + 12*a + 4*a**j + 8*a - 5*a**2 - 11*a. Give x(6).
-4
Let c(t) = -13471 - 2*t**2 + 16*t + t**2 + 13475. What is c(22)?
-128
Let c(a) = -a**2 - 14*a + 40. Suppose -x + 55*x = -16*x + 210. Calculate c(x).
-11
Let k(d) = -4*d**2 - 2*d + 1. Suppose 0 = y - 4*t - 8 + 21, -5*y + 23 = 2*t. Suppose 0 = -2*s - y*s + 45. Suppose -s*l - 9 = 9. Give k(l).
-11
Let b(p) = 24*p**2 - p - 2. Let r = -3898 - -3900. Calculate b(r).
92
Let o(f) = -7*f - 29*f**2 - 11*f**2 + 6*f + 13*f**2. Let t be 6/7 - (66/(-21) + 3). What is o(t)?
-28
Let l(a) = 6 + 178*a - 7 + 2 - a**2 - 177*a + 4*a**3. Let o(i) = i + 1. Let f be o(-2). Give l(f).
-5
Let y be 4/(-8) + (-10)/(-4). Let g(z) = -6*z**2 + 6*z**2 + 0 + y*z + 1 - z**2. Let l be 11/2 - (-7 - (-315)/30). What is g(l)?
1
Let g(m) be the first derivative of 1/2*m**2 + 4*m + 12. Suppose 4*t = -22 - 6. What is g(t)?
-3
Let p(o) be the third derivative of o**6/120 + o**5/30 + o**3/3 - 592*o**2 + o. Let v(d) = -d + 1. Suppose 1 = k - 3. Let u be v(k). What is p(u)?
-7
Suppose 2*b + 2*a = 12, 3*b - a = 14 + 24. Suppose -10*s + 7 = -b*s + 2*l, 2*l - 12 = 2*s. Let u(r) = r. Determine u(s).
-5
Let q be (-108)/14 + ((-306)/42 - -7). Let i be 6/16 - (-19)/q. Let u(p) = 3 - 5*p + 2*p + 7*p. What is u(i)?
-5
Suppose -2*k - 7 = -3*k - 5*h, 2*h = 3*k - 38. Suppose -2*u + 4*o = -12, -5*u + 5*o + k = -4*u. Let p be 1 + u - (3 + 1). Let f(d) = d. Give f(p).
-1
Let r(v) = v**2 - v + 2. Let i be r(-2). Suppose 4 + i = 2*l. Let j(p) = 90 - 89 + p**2 + 13*p - l*p. What is j(-5)?
-9
Let w(b) be the second derivative of b**4/4 + 5*b**3/6 - 17*b**2/2 - 4740*b. Calculate w(4).
51
Let n(z) = -23*z + 26*z + 2*z**2 - 39*z + 1 + 18*z. What is n(9)?
1
Let z(l) = l**3 + 6*l**2 - 14*l + 17. Let p = 3469 - 3477. Determine z(p).
1
Let w(z) = -6*z**2 + 10*z - 815. Let c(y) = 2*y**2 - 3*y + 245. Let h(x) = -10*c(x) - 3*w(x). Suppose d = -2*n + 13, -d + 2*d - 5 = 0. Determine h(n).
-37
Let z be 64/11 - (-14)/77. Let h(i) = -19*i**3 - 16*i**2 - 6*i + 9. Let c(g) = 4*g**3 + 2*g**2 + g - 1. Let m(r) = 5*c(r) + h(r). Determine m(z).
-2
Let n(t) = t**2 + 6*t + 5. Let u(p) = 4*p**3 - 91*p**2 - 19*p - 98. Let h be u(23). Determine n(h).
5
Let v(n) be the first derivative of n**3/3 + 17*n**2/2 + 40*n + 9. Let y be v(-16). Let t(w) = -6 + y + 2*w - 14 - 2*w**2. What is t(-3)?
-20
Suppose 9*o + 18 = 15*o. Let b(p) be the first derivative of p**3 - 3*p**2/2 + 3*p - 24. Determine b(o).
21
Let d(h) be the third derivative of -h**6/120 - h**5/12 + h**4/8 + 7*h**3/6 + 1188*h**2. Determine d(-4).
-21
Let x = 773761/120 - 6448. Let c(h) be the third derivative of -24*h**2 + 0 - x*h**6 - 1/2*h**3 + 1/12*h**4 - 1/15*h**5 + 0*h. What is c(-5)?
12
Let b(g) be the second derivative of 0*g**4 + 2*g**2 - 118*g + 0 - 1/20*g**5 - 1/3*g**3. What is b(3)?
-29
Suppose 2*z - 120252 = -120220. Let p(v) = -5*v**2 - 53*v - 26. Let h(f) = -2*f**2 - 18*f - 9. Let i(g) = -8*h(g) + 3*p(g). Calculate i(z).
10
Suppose k + 4*k - 30 = 0. Let o be 36/(-21)*(-7)/2. Let i(t) = -o*t - 2 - 3*t + 4*t + 9*t - t**2. Give i(k).
-14
Suppose -15 = 4*i + 17. Let f(y) be the second derivative of y**5/20 + 7*y**4/12 - 4*y**3/3 - y**2/2 + 7074*y. What is f(i)?
-1
Let s = 1803 - 1808. Let w(c) = -13*c - 68. Calculate w(s).
-3
Let l(s) = 2*s**3 - 3*s**2 + 3*s - 2. Let b be ((-4)/5)/(8/1840). Let q = 186 + b. Calculate l(q).
8
Suppose -225*x - 136 + 136 = 0. Let c(f) = -f**2 + 9. What is c(x)?
9
Let k(c) = -c**3 - c**2 + c + 2. Let d(a) = -6*a**3 - 13*a**2 + 3*a + 13. Let b(j) = d(j) - 5*k(j). Give b(-7).
-32
Let z(q) = q**2 + 24*q + 64. Let d be (0 + 3)/(36/((-1476)/41)). Give z(d).
1
Let p = 14657 - 14668. Let m(b) = b**2 + 4*b - 58. Determine m(p).
19
Let b be 5/10 - 14/(-4). Let i be b/22 - (-36990)/198. Let x(m) = 190 - m + 2*m - i. Give x(-8).
-5
Let i(r) be the second derivative of 5 - 7/3*r**3 - 1/12*r**4 - 13/2*r**2 + 22*r. Give i(-12).
11
Let p(t) be the third derivative of t**6/120 - t**5/20 + t**4/8 - 2*t**3/3 + 6*t**2 + 5*t. Suppose 0*f + 2*b = 2*f - 8, 5*f = b + 16. Determine p(f).
5
Suppose 10 = 2*m - 0. Let k(l) = -